{"id":122,"date":"2022-07-07T08:55:38","date_gmt":"2022-07-07T08:55:38","guid":{"rendered":"https:\/\/dev.optiphi.at\/?post_type=product&#038;p=122"},"modified":"2022-09-09T20:18:10","modified_gmt":"2022-09-09T20:18:10","slug":"moisture-control-ultra","status":"publish","type":"product","link":"https:\/\/dev.optiphi.at\/?product=moisture-control-ultra","title":{"rendered":"Moisture Control Ultra"},"content":{"rendered":"<p>[et_pb_section fb_built=&#8220;1&#8243; _builder_version=&#8220;3.22&#8243; custom_padding=&#8220;0px||||false|false&#8220; global_colors_info=&#8220;{}&#8220;][et_pb_row _builder_version=&#8220;4.13.1&#8243; background_size=&#8220;initial&#8220; background_position=&#8220;top_left&#8220; background_repeat=&#8220;repeat&#8220; custom_padding=&#8220;0px||0px||false|false&#8220; global_colors_info=&#8220;{}&#8220;][et_pb_column type=&#8220;4_4&#8243; _builder_version=&#8220;3.25&#8243; custom_padding=&#8220;|||&#8220; global_colors_info=&#8220;{}&#8220; custom_padding__hover=&#8220;|||&#8220;][et_pb_wc_breadcrumb _builder_version=&#8220;3.0.47&#8243; global_colors_info=&#8220;{}&#8220;][\/et_pb_wc_breadcrumb][et_pb_wc_cart_notice _builder_version=&#8220;3.0.47&#8243; global_colors_info=&#8220;{}&#8220;][\/et_pb_wc_cart_notice][\/et_pb_column][\/et_pb_row][et_pb_row column_structure=&#8220;1_2,1_2&#8243; _builder_version=&#8220;4.13.1&#8243; background_size=&#8220;initial&#8220; background_position=&#8220;top_left&#8220; background_repeat=&#8220;repeat&#8220; custom_padding=&#8220;0px||||false|false&#8220; global_colors_info=&#8220;{}&#8220;][et_pb_column type=&#8220;1_2&#8243; _builder_version=&#8220;3.25&#8243; custom_padding=&#8220;|||&#8220; global_colors_info=&#8220;{}&#8220; custom_padding__hover=&#8220;|||&#8220;][et_pb_wc_images _builder_version=&#8220;3.0.47&#8243; global_colors_info=&#8220;{}&#8220;][\/et_pb_wc_images][\/et_pb_column][et_pb_column type=&#8220;1_2&#8243; _builder_version=&#8220;3.25&#8243; custom_padding=&#8220;|||&#8220; global_colors_info=&#8220;{}&#8220; custom_padding__hover=&#8220;|||&#8220;][et_pb_wc_title _builder_version=&#8220;4.13.1&#8243; header_font=&#8220;||||||||&#8220; global_colors_info=&#8220;{}&#8220;][\/et_pb_wc_title][et_pb_wc_description _builder_version=&#8220;4.13.1&#8243; global_colors_info=&#8220;{}&#8220;][\/et_pb_wc_description][et_pb_accordion admin_label=&#8220;Akkordeon&#8220; module_class=&#8220;pulchris_accordion&#8220; _builder_version=&#8220;4.13.1&#8243; _module_preset=&#8220;default&#8220; custom_margin=&#8220;|||20px|false|false&#8220; custom_css_toggle_icon=&#8220;content: &#8218;3&#8216;;&#8220; global_colors_info=&#8220;{}&#8220;][et_pb_accordion_item title=&#8220;Wissenswertes zur Produktwirkung &#8220; open=&#8220;on&#8220; _builder_version=&#8220;4.13.1&#8243; _module_preset=&#8220;default&#8220; global_colors_info=&#8220;{}&#8220;][\/et_pb_accordion_item][et_pb_accordion_item title=&#8220;Welche Aggressoren sind f\u00fcr Entz\u00fcndungen verantwortlich?&#8220; _builder_version=&#8220;4.13.1&#8243; _module_preset=&#8220;default&#8220; global_colors_info=&#8220;{}&#8220; open=&#8220;off&#8220;]Freie Radikale oxidieren mit anderen zytopasmatischen Komponenten und verursachen Zellsch\u00e4den<\/p>\n<p>Arachidons\u00e4ure bildet sich in der Zellmembran<\/p>\n<p>Prostalglandine bilden sich im Hautgewebe z.b. durch lange UV Bestrahlung. Es entstehen R\u00f6tungen und Schwellungen<\/p>\n<p>Proteolytische Enzyme werden w\u00e4hrend der Wundheilung produziert. Eine \u00dcberaktivit\u00e4t kann zum Abbau von Kollagen, Elastin und Hyalurons\u00e4ure f\u00fchren. Eine vorzeitige Hautalterung setzt ein.<\/p>\n<p>Prostalglandine und Leukotrine sind f\u00fcr die Induktion einer postinflamatorischen Hyperpigmentierung der Haut verantwortlich.<br \/>\n[\/et_pb_accordion_item][et_pb_accordion_item title=&#8220;Warum ist Hyaluron so wichtig f\u00fcr eine straffe, gesunde Haut?&#8220; _builder_version=&#8220;4.13.1&#8243; _module_preset=&#8220;default&#8220; global_colors_info=&#8220;{}&#8220; open=&#8220;off&#8220;]<\/p>\n<p class=\"p1\"><span class=\"s1\">Hyalurons\u00e4ure wird in unserem K\u00f6rper selbst hergestellt. Hyalurons\u00e4ure findet sich in, Gelenksfl\u00fcssigkeit, Knorpeln und im Bindegewebe. Im Alter nimmt die Hyalurons\u00e4ure ab. Aus F\u00e4ltchen werden Falten. Die Haut wird empfindlicher und trockener. 3 unterschiedliche Hyalurons\u00e4uren in verschiedenen molekularen Gr\u00f6\u00dfen, entfalten die Wirkung in jeder Ebene der Haut und das funktioniert deshalb so gut weil Hyalurons\u00e4ure bis zu 6 Liter Wasser pro Gramm Eigengewicht binden kann. <\/span><\/p>\n<p>[\/et_pb_accordion_item][et_pb_accordion_item title=&#8220;Wichtige Wirkstoffe:&#8220; _builder_version=&#8220;4.13.1&#8243; _module_preset=&#8220;default&#8220; global_colors_info=&#8220;{}&#8220; open=&#8220;off&#8220;]<\/p>\n<p class=\"p1\"><span class=\"s1\"><b>Kaktusfeigen-Extrakt<\/b><br \/>Gl\u00e4ttet und beruhigt gereizte Haut<br \/>Versorgt die Haut mit Feuchtigkeit<br \/>Sch\u00fctzt und strafft die Haut<\/span><\/p>\n<p class=\"p1\"><span class=\"s1\"><b>Oligopeptid<\/b><br \/>Stimuliert, sch\u00fctzt und repariert die Kollagensynthese<\/span><\/p>\n<p class=\"p1\"><span class=\"s1\"><b>Geranyl Geranyl Lipid<\/b><br \/>\u2013 Gew\u00e4hrleistet eine optimale mitochondriale Aktivit\u00e4t, verz\u00f6gert Anzeichen des Alterns.<br \/>\u2013 Unterst\u00fctzt die Haut bei der Wiedererlangung von Dichte, Festigkeit, Elastizit\u00e4t und Geschmeidigkeit.<br \/>\u2013 Stellt die wichtigsten Zellfunktionen wieder her: Zelldifferenzierung, Proliferation, Protein- und Lipid-Synthese.<\/span><\/p>\n<p class=\"p1\"><span class=\"s1\"><b>Hyalurons\u00e4ure<\/b><br \/>Intensive und dauerhafte Hydratisierung<br \/>\u2013 Stellt die Barriere-Integrit\u00e4t und das Feuchtigkeitsgleichgewicht der Haut wieder her<\/span><\/p>\n<p class=\"p1\"><span class=\"s1\"><strong>Soja-Isofl avon<\/strong><br \/>\u2013 Erzielt eine sichtbare Hautstraffung, reduziert feine Linien und Falten <\/span><span class=\"s2\">\u2219<\/span><\/p>\n<p class=\"p1\"><span class=\"s1\"><b>Gr\u00fcnalgenextrakt<\/b><br \/>Verbessert die Elastizit\u00e4t Erh\u00f6ht die Hautdichte<\/span><\/p>\n<p class=\"p1\"><span class=\"s1\"><b>L-Carnosin<\/b><br \/>Reduziert Falten und Mimikfalten, erh\u00f6ht die Hautfestigkeit Sch\u00fctzt die Hautzellen vor oxidativer Alterung<\/span><\/p>\n<p class=\"p1\"><span class=\"s1\"><b>Vitamin B3 (Niacinamid)<\/b><br \/>Verringert die Pigmentierung und die \u00fcberm\u00e4\u00dfige Talgproduktion<\/span><\/p>\n<p>[\/et_pb_accordion_item][\/et_pb_accordion][et_pb_wc_price _builder_version=&#8220;4.13.1&#8243; body_text_color=&#8220;#666666&#8243; global_colors_info=&#8220;{}&#8220;][\/et_pb_wc_price][et_pb_wc_add_to_cart _builder_version=&#8220;3.0.47&#8243; global_colors_info=&#8220;{}&#8220;][\/et_pb_wc_add_to_cart][et_pb_text _builder_version=&#8220;4.13.1&#8243; _module_preset=&#8220;default&#8220; global_colors_info=&#8220;{}&#8220;]<\/p>\n<p class=\"p1\"><span class=\"s1\">Dieses Produkt ist frei von Parabenen, Wachstumsfaktoren, Seifen, Nanopartikeln, Konservierungs- und Duftstoffen. Es wurde ohne Tierversuche entwickelt, ist vegan und pH-hautneutral.<\/span><\/p>\n<p>[\/et_pb_text][\/et_pb_column][\/et_pb_row][et_pb_row _builder_version=&#8220;4.13.1&#8243; background_size=&#8220;initial&#8220; background_position=&#8220;top_left&#8220; background_repeat=&#8220;repeat&#8220; global_colors_info=&#8220;{}&#8220;][et_pb_column type=&#8220;4_4&#8243; _builder_version=&#8220;3.25&#8243; custom_padding=&#8220;|||&#8220; global_colors_info=&#8220;{}&#8220; custom_padding__hover=&#8220;|||&#8220;][et_pb_wc_tabs _builder_version=&#8220;3.0.47&#8243; global_colors_info=&#8220;{}&#8220;] [\/et_pb_wc_tabs][et_pb_wc_upsells _builder_version=&#8220;3.0.47&#8243; global_colors_info=&#8220;{}&#8220;][\/et_pb_wc_upsells][et_pb_wc_related_products _builder_version=&#8220;3.0.47&#8243; global_colors_info=&#8220;{}&#8220;][\/et_pb_wc_related_products][et_pb_wc_rating _builder_version=&#8220;3.0.47&#8243; global_colors_info=&#8220;{}&#8220;][\/et_pb_wc_rating][\/et_pb_column][\/et_pb_row][\/et_pb_section]<\/p>\n","protected":false},"excerpt":{"rendered":"<p class=\"p1\"><span class=\"s1\">Gl\u00e4ttet und beruhigt gereizte Haut und sorgt f\u00fcr eine intensive Versorgung mit Feuchtigkeit.<\/span><\/p>\n<p><strong>Hautanalysecode <\/strong><span class=\"s1\"><b>WDSP<\/b><\/span><\/p>\n<p>Inhalt: 40 ml<\/p>\n","protected":false},"featured_media":136,"comment_status":"open","ping_status":"closed","template":"","meta":{"_et_pb_use_builder":"on","_et_pb_old_content":"<strong>Besonders wirksam bei:<\/strong>\r\n<ul>\r\n \t<li>\r\n<p class=\"p1\"><span class=\"s1\">sehr trockene, d\u00fcnne Haut, die zu Entz\u00fcndungen neigt<\/span><\/p>\r\n<\/li>\r\n \t<li>\r\n<p class=\"p1\"><span class=\"s1\">trockene Haut, diefalsch versorgt war<\/span><\/p>\r\n<\/li>\r\n<\/ul>\r\n&nbsp;\r\n<p class=\"p1\"><strong>Anwendung:\r\n<\/strong><span class=\"s1\">F\u00fcr beste Ergebnisse, morgens und abends 1-2 Pump auf Gesicht, Hals und Dekollet\u00e9 auftragen.\r\n<\/span><span class=\"s1\">Ideal f\u00fcr sehr trockene und alternde Haut, da Moisture Control Ultra erstklassige Anti-Aging-Inhaltsstoffe enth\u00e4lt, die die Reparatur der Haut und den Wiederaufbau der Hautstruktur unterst\u00fctzen.<\/span><\/p>\r\n<p class=\"p1\"><span class=\"s1\"><b>Ideale Produktkombinationen:\r\n<\/b>Kann mit jedem Produkt aus der optiphi\u00ae Skincare Reihe kombiniert werden.\r\n<\/span><span class=\"s1\">Wir empfehlen: Facial Cleanser\/ Eyesigns Active Gel\/ Complexion Control, Ageless <\/span><span class=\"s1\">Active Gel, Dermintense Active Gel, Protecting Revitalizer, Rejuvenating Revitalizer<\/span><\/p>","_et_gb_content_width":"","inline_featured_image":false},"product_cat":[24],"product_tag":[],"class_list":{"0":"post-122","1":"product","2":"type-product","3":"status-publish","4":"has-post-thumbnail","6":"product_cat-feuchtigkeitsversorgung","8":"first","9":"instock","10":"shipping-taxable","11":"purchasable","12":"product-type-simple"},"_links":{"self":[{"href":"https:\/\/dev.optiphi.at\/index.php?rest_route=\/wp\/v2\/product\/122","targetHints":{"allow":["GET"]}}],"collection":[{"href":"https:\/\/dev.optiphi.at\/index.php?rest_route=\/wp\/v2\/product"}],"about":[{"href":"https:\/\/dev.optiphi.at\/index.php?rest_route=\/wp\/v2\/types\/product"}],"replies":[{"embeddable":true,"href":"https:\/\/dev.optiphi.at\/index.php?rest_route=%2Fwp%2Fv2%2Fcomments&post=122"}],"wp:featuredmedia":[{"embeddable":true,"href":"https:\/\/dev.optiphi.at\/index.php?rest_route=\/wp\/v2\/media\/136"}],"wp:attachment":[{"href":"https:\/\/dev.optiphi.at\/index.php?rest_route=%2Fwp%2Fv2%2Fmedia&parent=122"}],"wp:term":[{"taxonomy":"product_cat","embeddable":true,"href":"https:\/\/dev.optiphi.at\/index.php?rest_route=%2Fwp%2Fv2%2Fproduct_cat&post=122"},{"taxonomy":"product_tag","embeddable":true,"href":"https:\/\/dev.optiphi.at\/index.php?rest_route=%2Fwp%2Fv2%2Fproduct_tag&post=122"}],"curies":[{"name":"wp","href":"https:\/\/api.w.org\/{rel}","templated":true}]}}