{"id":172,"date":"2022-07-12T09:21:10","date_gmt":"2022-07-12T09:21:10","guid":{"rendered":"https:\/\/dev.optiphi.at\/?post_type=product&#038;p=172"},"modified":"2022-09-09T20:07:31","modified_gmt":"2022-09-09T20:07:31","slug":"restore-therapy","status":"publish","type":"product","link":"https:\/\/dev.optiphi.at\/?product=restore-therapy","title":{"rendered":"Restore Therapy"},"content":{"rendered":"<p>[et_pb_section fb_built=&#8220;1&#8243; _builder_version=&#8220;3.22&#8243; custom_padding=&#8220;0px||||false|false&#8220; global_colors_info=&#8220;{}&#8220;][et_pb_row _builder_version=&#8220;4.13.1&#8243; background_size=&#8220;initial&#8220; background_position=&#8220;top_left&#8220; background_repeat=&#8220;repeat&#8220; custom_padding=&#8220;0px||0px||false|false&#8220; global_colors_info=&#8220;{}&#8220;][et_pb_column type=&#8220;4_4&#8243; _builder_version=&#8220;3.25&#8243; custom_padding=&#8220;|||&#8220; global_colors_info=&#8220;{}&#8220; custom_padding__hover=&#8220;|||&#8220;][et_pb_wc_breadcrumb _builder_version=&#8220;3.0.47&#8243; global_colors_info=&#8220;{}&#8220;][\/et_pb_wc_breadcrumb][et_pb_wc_cart_notice _builder_version=&#8220;3.0.47&#8243; global_colors_info=&#8220;{}&#8220;][\/et_pb_wc_cart_notice][\/et_pb_column][\/et_pb_row][et_pb_row column_structure=&#8220;1_2,1_2&#8243; _builder_version=&#8220;4.13.1&#8243; background_size=&#8220;initial&#8220; background_position=&#8220;top_left&#8220; background_repeat=&#8220;repeat&#8220; custom_padding=&#8220;0px||||false|false&#8220; global_colors_info=&#8220;{}&#8220;][et_pb_column type=&#8220;1_2&#8243; _builder_version=&#8220;3.25&#8243; custom_padding=&#8220;|||&#8220; global_colors_info=&#8220;{}&#8220; custom_padding__hover=&#8220;|||&#8220;][et_pb_wc_images _builder_version=&#8220;3.0.47&#8243; global_colors_info=&#8220;{}&#8220;][\/et_pb_wc_images][\/et_pb_column][et_pb_column type=&#8220;1_2&#8243; _builder_version=&#8220;3.25&#8243; custom_padding=&#8220;|||&#8220; global_colors_info=&#8220;{}&#8220; custom_padding__hover=&#8220;|||&#8220;][et_pb_wc_title _builder_version=&#8220;4.13.1&#8243; header_font=&#8220;||||||||&#8220; global_colors_info=&#8220;{}&#8220;][\/et_pb_wc_title][et_pb_wc_description _builder_version=&#8220;4.13.1&#8243; global_colors_info=&#8220;{}&#8220;][\/et_pb_wc_description][et_pb_accordion admin_label=&#8220;Akkordeon&#8220; module_class=&#8220;pulchris_accordion&#8220; _builder_version=&#8220;4.13.1&#8243; _module_preset=&#8220;default&#8220; custom_margin=&#8220;|||20px|false|false&#8220; hover_enabled=&#8220;0&#8243; custom_css_toggle_icon=&#8220;content: &#8218;3&#8216;;&#8220; global_colors_info=&#8220;{}&#8220; sticky_enabled=&#8220;0&#8243;][et_pb_accordion_item title=&#8220;Wissenswertes zur Produktwirkung &#8220; open=&#8220;on&#8220; _builder_version=&#8220;4.13.1&#8243; _module_preset=&#8220;default&#8220; global_colors_info=&#8220;{}&#8220;][\/et_pb_accordion_item][et_pb_accordion_item title=&#8220;Was sind freie Radikale und wie wirken Antioxidantien? &#8220; _builder_version=&#8220;4.13.1&#8243; _module_preset=&#8220;default&#8220; global_colors_info=&#8220;{}&#8220; open=&#8220;off&#8220;]<\/p>\n<p class=\"p1\"><span class=\"s1\"><strong>Freie Radikale<\/strong> sind Stoffwechselprodukte also Molek\u00fcle, denen ein Elektron fehlt. Sie sind dadurch sehr reaktionsfreudig und versuchen von anderen Molek\u00fclen z.b. von Kollagen und Elastin ein Elektron zu stehlen, wodurch das bestohlene Molek\u00fcl ebenfalls zu einem freien Radikal wird. Es entsteht eine Kettenreaktion. Dieser oxidative Stress kann zu massiven Sch\u00e4digungen in unserem K\u00f6rper f\u00fchren und unsere Haut schnell und stark altern lassen. <\/span><\/p>\n<p class=\"p1\"><span class=\"s1\"><strong>Antioxidantien<\/strong> haben ein Elektron zu viel<span class=\"Apple-converted-space\">\u00a0 <\/span>und k\u00f6nnen dieses abgeben. Deutlich wird das mit einem angeschnittenen Apfel. Die Schnittfl\u00e4che ist Sauerstoff ausgesetzt, es entstehen freie Radikale, die Schnittfl\u00e4che wird braun. Gibt man Zitronensaft darauf, also das Antioxidans Vitamin C verhindert man die Oxidation. <\/span><\/p>\n<p>[\/et_pb_accordion_item][et_pb_accordion_item title=&#8220;Wichtige Wirkstoffe:&#8220; _builder_version=&#8220;4.13.1&#8243; _module_preset=&#8220;default&#8220; hover_enabled=&#8220;0&#8243; global_colors_info=&#8220;{}&#8220; open=&#8220;off&#8220; sticky_enabled=&#8220;0&#8243;]<\/p>\n<p class=\"p1\"><span class=\"s1\"><i>\u2013 <\/i><b>Vitamin C (Ascorbins\u00e4ure)\u00a0 <\/b><\/span><span class=\"s1\">steigert die Kollagensynthese und Kollagenproduktion<\/span><\/p>\n<p class=\"p1\"><span class=\"s1\"><br \/><b>\u2013 Vitamin A (Retinol)<\/b>\u00a0erh\u00f6ht die Fibroblastenaktivit\u00e4t und verbessert das Erscheinungsbild von Linien und Falten<\/span><\/p>\n<p class=\"p1\"><span class=\"s1\"><br \/><b><i>\u2013 Gr\u00fcnalgenextrakt (Chlorobionta)\u00a0<\/i><\/b>reduziert Falten, verbessert die Festigkeit und Elastizit\u00e4t der Haut<\/span><\/p>\n<p class=\"p1\"><span class=\"s1\"><br \/><b>\u2013 Vitamin B3 (Niacinamid)\u00a0<\/b>verbessert die Schutzfunktion der epidermalen Barriere<\/span><\/p>\n<p class=\"p1\"><span class=\"s1\"><br \/><b>\u2013 Oligopeptid+Peptid-7\u00a0<\/b>f\u00fcr sichtbare Anti-Falten Wirksamkeit<\/span><\/p>\n<p>[\/et_pb_accordion_item][\/et_pb_accordion][et_pb_wc_price _builder_version=&#8220;4.13.1&#8243; body_text_color=&#8220;#666666&#8243; global_colors_info=&#8220;{}&#8220;][\/et_pb_wc_price][et_pb_wc_add_to_cart _builder_version=&#8220;3.0.47&#8243; global_colors_info=&#8220;{}&#8220;][\/et_pb_wc_add_to_cart][et_pb_text _builder_version=&#8220;4.13.1&#8243; _module_preset=&#8220;default&#8220; global_colors_info=&#8220;{}&#8220;]<\/p>\n<p class=\"p1\"><span class=\"s1\">Dieses Produkt ist frei von Parabenen, Wachstumsfaktoren, Seifen, Nanopartikeln, Konservierungs- und Duftstoffen. Es wurde ohne Tierversuche entwickelt, ist vegan und pH-hautneutral.<\/span><\/p>\n<p>[\/et_pb_text][\/et_pb_column][\/et_pb_row][et_pb_row _builder_version=&#8220;4.13.1&#8243; background_size=&#8220;initial&#8220; background_position=&#8220;top_left&#8220; background_repeat=&#8220;repeat&#8220; global_colors_info=&#8220;{}&#8220;][et_pb_column type=&#8220;4_4&#8243; _builder_version=&#8220;3.25&#8243; custom_padding=&#8220;|||&#8220; global_colors_info=&#8220;{}&#8220; custom_padding__hover=&#8220;|||&#8220;][et_pb_wc_tabs _builder_version=&#8220;3.0.47&#8243; global_colors_info=&#8220;{}&#8220;] [\/et_pb_wc_tabs][et_pb_wc_upsells _builder_version=&#8220;3.0.47&#8243; global_colors_info=&#8220;{}&#8220;][\/et_pb_wc_upsells][et_pb_wc_related_products _builder_version=&#8220;3.0.47&#8243; global_colors_info=&#8220;{}&#8220;][\/et_pb_wc_related_products][et_pb_wc_rating _builder_version=&#8220;3.0.47&#8243; global_colors_info=&#8220;{}&#8220;][\/et_pb_wc_rating][\/et_pb_column][\/et_pb_row][\/et_pb_section]<\/p>\n","protected":false},"excerpt":{"rendered":"<p class=\"p1\"><span class=\"s1\">Feuchtigkeitsspendende, verj\u00fcngende Nachtcreme.<br \/>\n<\/span><span class=\"s1\">F\u00fcr die vollst\u00e4ndige Vitalit\u00e4t der Haut aktiviert unsere Restore-Therapy eine Reihe von Wirkungen, welche die vitalen Strukturen der Haut wiederherstellen.<\/span><\/p>\n<p><strong>Hautanalysecode WDPS<\/strong><\/p>\n<p>Inhalt: 50 ml<\/p>\n","protected":false},"featured_media":174,"comment_status":"open","ping_status":"closed","template":"","meta":{"_et_pb_use_builder":"on","_et_pb_old_content":"<strong>Produktvorteil:<\/strong>\r\n<ul>\r\n \t<li>\r\n<p class=\"p1\"><span class=\"s1\">Optimale Hydratisierung<\/span><\/p>\r\n<\/li>\r\n \t<li>\r\n<p class=\"p1\"><span class=\"s1\">erh\u00f6ht die F\u00e4higkeit der Haut, Feuchtigkeit zu speichern, sorgt f\u00fcr langfristige Zellbefeuchtung<\/span><\/p>\r\n<\/li>\r\n \t<li>\r\n<p class=\"p1\"><span class=\"s1\">Wiederherstellung der Dermis<\/span><\/p>\r\n<\/li>\r\n \t<li>\r\n<p class=\"p1\"><span class=\"s1\">Verbessert die Hautdichte und -struktur<\/span><\/p>\r\n<\/li>\r\n \t<li>\r\n<p class=\"p1\"><span class=\"s1\">Verbessert die Barrierefunktion der Haut\r\n<\/span><\/p>\r\n<\/li>\r\n \t<li>\r\n<p class=\"p1\"><span class=\"s1\">Stellt die epidermale Dicke wieder her\r\n<\/span><\/p>\r\n<\/li>\r\n \t<li>\r\n<p class=\"p1\"><span class=\"s1\">Sichtbare Verj\u00fcngung<\/span><\/p>\r\n<\/li>\r\n \t<li>\r\n<p class=\"p1\"><span class=\"s1\">Anti-Aging-Wirkung\r\n<\/span><\/p>\r\n<\/li>\r\n \t<li>\r\n<p class=\"p1\"><span class=\"s1\">f\u00f6rdert die Kollagen und Elastinsynthese\r\n<\/span><\/p>\r\n<\/li>\r\n \t<li>\r\n<p class=\"p1\"><span class=\"s1\">Verbessert die Festigkeit und Elastizit\u00e4t der Haut\r\n<\/span><\/p>\r\n<\/li>\r\n \t<li>\r\n<p class=\"p1\"><span class=\"s1\">Verbessert das Erscheinungsbild von feinen Linien und Falten<\/span><\/p>\r\n<\/li>\r\n<\/ul>\r\n&nbsp;\r\n<p class=\"p1\"><strong>Anwendung:\r\n<\/strong><span class=\"s1\">Tragen Sie 1-2 Pumps auf Gesicht und Hals. Kann morgens und abends verwendet werden.<\/span><\/p>\r\n<p class=\"p1\"><span class=\"s1\"><b>Retard \u2013 System:\r\n<\/b>optiphi\u00ae verf\u00fcgt \u00fcber ein innovatives Zeitkontrollsystem welches Vitamin A \u00fcber einen <\/span><span class=\"s1\">Zeitraum von 12 Stunden kontinuierlich an die Haut abgibt.<\/span><\/p>\r\n<p class=\"p1\"><strong><span class=\"s1\">Geeignet f\u00fcr alle Hauttypen<\/span><\/strong> <strong><span class=\"s1\">und Hautbedingungen. Nicht empfohlen f\u00fcr Kunden, die Roaccutan und\/oder Cortison einnehmen.<\/span><\/strong><\/p>\r\n<p class=\"p1\"><span class=\"s1\"><b>Ideale Produktkombinationen:\r\n<\/b><\/span><span class=\"s1\">Kann mit jedem Produkt der optiphi\u00ae Skincare Reihe kombiniert werden, ausgenommen andere retinolhaltige optiphi\u00ae-Produkte. <\/span><\/p>\r\n<p class=\"p1\"><span class=\"s1\"><strong>Wir empfehlen:\r\n<\/strong><\/span><span class=\"s1\">Pure Cleansing Wash, Eye Effect, Refi ne-Foliant, Hydra-Derm HAMasque, Hydration Therapy und Complete Therapy SPF20<\/span><\/p>\r\n<p class=\"p1\"><span class=\"s1\">\u00a0<\/span><\/p>","_et_gb_content_width":"","inline_featured_image":false},"product_cat":[24],"product_tag":[],"class_list":{"0":"post-172","1":"product","2":"type-product","3":"status-publish","4":"has-post-thumbnail","6":"product_cat-feuchtigkeitsversorgung","8":"first","9":"instock","10":"shipping-taxable","11":"purchasable","12":"product-type-simple"},"_links":{"self":[{"href":"https:\/\/dev.optiphi.at\/index.php?rest_route=\/wp\/v2\/product\/172","targetHints":{"allow":["GET"]}}],"collection":[{"href":"https:\/\/dev.optiphi.at\/index.php?rest_route=\/wp\/v2\/product"}],"about":[{"href":"https:\/\/dev.optiphi.at\/index.php?rest_route=\/wp\/v2\/types\/product"}],"replies":[{"embeddable":true,"href":"https:\/\/dev.optiphi.at\/index.php?rest_route=%2Fwp%2Fv2%2Fcomments&post=172"}],"wp:featuredmedia":[{"embeddable":true,"href":"https:\/\/dev.optiphi.at\/index.php?rest_route=\/wp\/v2\/media\/174"}],"wp:attachment":[{"href":"https:\/\/dev.optiphi.at\/index.php?rest_route=%2Fwp%2Fv2%2Fmedia&parent=172"}],"wp:term":[{"taxonomy":"product_cat","embeddable":true,"href":"https:\/\/dev.optiphi.at\/index.php?rest_route=%2Fwp%2Fv2%2Fproduct_cat&post=172"},{"taxonomy":"product_tag","embeddable":true,"href":"https:\/\/dev.optiphi.at\/index.php?rest_route=%2Fwp%2Fv2%2Fproduct_tag&post=172"}],"curies":[{"name":"wp","href":"https:\/\/api.w.org\/{rel}","templated":true}]}}