{"id":184,"date":"2022-07-12T10:43:26","date_gmt":"2022-07-12T10:43:26","guid":{"rendered":"https:\/\/dev.optiphi.at\/?post_type=product&#038;p=184"},"modified":"2022-09-09T20:04:29","modified_gmt":"2022-09-09T20:04:29","slug":"evergreen-body-lotion-490-ml","status":"publish","type":"product","link":"https:\/\/dev.optiphi.at\/?product=evergreen-body-lotion-490-ml","title":{"rendered":"Evergreen Body Lotion 490 ml"},"content":{"rendered":"<p>[et_pb_section fb_built=&#8220;1&#8243; _builder_version=&#8220;3.22&#8243; custom_padding=&#8220;0px||||false|false&#8220; global_colors_info=&#8220;{}&#8220;][et_pb_row _builder_version=&#8220;4.13.1&#8243; background_size=&#8220;initial&#8220; background_position=&#8220;top_left&#8220; background_repeat=&#8220;repeat&#8220; custom_padding=&#8220;0px||0px||false|false&#8220; global_colors_info=&#8220;{}&#8220;][et_pb_column type=&#8220;4_4&#8243; _builder_version=&#8220;3.25&#8243; custom_padding=&#8220;|||&#8220; global_colors_info=&#8220;{}&#8220; custom_padding__hover=&#8220;|||&#8220;][et_pb_wc_breadcrumb _builder_version=&#8220;3.0.47&#8243; global_colors_info=&#8220;{}&#8220;][\/et_pb_wc_breadcrumb][et_pb_wc_cart_notice _builder_version=&#8220;3.0.47&#8243; global_colors_info=&#8220;{}&#8220;][\/et_pb_wc_cart_notice][\/et_pb_column][\/et_pb_row][et_pb_row column_structure=&#8220;1_2,1_2&#8243; _builder_version=&#8220;4.13.1&#8243; background_size=&#8220;initial&#8220; background_position=&#8220;top_left&#8220; background_repeat=&#8220;repeat&#8220; custom_padding=&#8220;0px||||false|false&#8220; global_colors_info=&#8220;{}&#8220;][et_pb_column type=&#8220;1_2&#8243; _builder_version=&#8220;3.25&#8243; custom_padding=&#8220;|||&#8220; global_colors_info=&#8220;{}&#8220; custom_padding__hover=&#8220;|||&#8220;][et_pb_wc_images _builder_version=&#8220;3.0.47&#8243; global_colors_info=&#8220;{}&#8220;][\/et_pb_wc_images][\/et_pb_column][et_pb_column type=&#8220;1_2&#8243; _builder_version=&#8220;3.25&#8243; custom_padding=&#8220;|||&#8220; global_colors_info=&#8220;{}&#8220; custom_padding__hover=&#8220;|||&#8220;][et_pb_wc_title _builder_version=&#8220;4.13.1&#8243; header_font=&#8220;||||||||&#8220; global_colors_info=&#8220;{}&#8220;][\/et_pb_wc_title][et_pb_wc_description _builder_version=&#8220;4.13.1&#8243; global_colors_info=&#8220;{}&#8220;][\/et_pb_wc_description][et_pb_accordion admin_label=&#8220;Akkordeon&#8220; module_class=&#8220;pulchris_accordion&#8220; _builder_version=&#8220;4.13.1&#8243; _module_preset=&#8220;default&#8220; custom_margin=&#8220;|||20px|false|false&#8220; custom_css_toggle_icon=&#8220;content: &#8218;3&#8216;;&#8220; global_colors_info=&#8220;{}&#8220;][et_pb_accordion_item title=&#8220;Wissenswertes zur Produktwirkung &#8220; open=&#8220;on&#8220; _builder_version=&#8220;4.13.1&#8243; _module_preset=&#8220;default&#8220; global_colors_info=&#8220;{}&#8220;][\/et_pb_accordion_item][et_pb_accordion_item title=&#8220;Was sind die 7 sichtbaren Zeichen der Hautalterung?&#8220; _builder_version=&#8220;4.13.1&#8243; _module_preset=&#8220;default&#8220; global_colors_info=&#8220;{}&#8220; open=&#8220;off&#8220;]<\/p>\n<p class=\"p1\"><span class=\"s1\">1. Raue, trockene Haut <br \/><\/span><span class=\"s1\">2. gest\u00f6rte Hautbarrierefunktion<br \/><\/span><span class=\"s1\">3. Alters oder Pigmentflecken\u00a0<br \/><\/span><span class=\"s1\">4. schlaffe Haut <br \/><\/span><span class=\"s1\">5. Falten<br \/>6. vergr\u00f6\u00dferte Poren<br \/>7. R\u00f6tungen und Entz\u00fcndungen <\/span><\/p>\n<p>[\/et_pb_accordion_item][et_pb_accordion_item title=&#8220;Wichtige Wirkstoffe:&#8220; _builder_version=&#8220;4.13.1&#8243; _module_preset=&#8220;default&#8220; global_colors_info=&#8220;{}&#8220; open=&#8220;off&#8220;]<\/p>\n<p class=\"p1\"><span class=\"s1\"><b>Allantoin<\/b><i><br \/><\/i>\u2013 Feuchtigkeitstherapie f\u00fcr trockene Haut<br \/>\u2013 Beruhigt gereizte und trockene Haut<br \/>\u2013 Bewahrt die Jugendlichkeit und Geschmeidigkeit der Haut<\/span><\/p>\n<p class=\"p1\"><span class=\"s1\"><b>Imperata Cylindrica Extrakt<\/b><i><br \/><\/i>\u2013 Regeneriert den Feuchtigkeitsgehalt f\u00fcr eine optimale Hautfunktion<br \/>\u2013 Feuchtigkeitsspeicher und Schutz vor Feuchtigkeitsverlust<br \/>\u2013 Sch\u00fctzt und st\u00e4rkt die Hautbarriere<\/span><\/p>\n<p class=\"p1\"><span class=\"s1\"><b>Milchs\u00e4ure<\/b><i><br \/><\/i>\u2013 Verbessert und repariert den nat\u00fcrlichen Feuchtigkeitsfaktor (NMF)<br \/>\u2013 Erh\u00f6ht die Ceramid-Festigkeit im Stratum corneum<br \/>\u2013 Hellt die Hyperpigmentierung auf und unterdr\u00fcckt die Tyrosinase-Aktivit\u00e4t in den Hautzellen<br \/>\u2013 Erh\u00f6ht die Zellverj\u00fcngung und verbessert die Hauttextur, den Ton und das Aussehen<br \/>\u2013 Wirkt als Feuchthaltemittel und bewahrt den Feuchtigkeitsgehalt der Haut<\/span><\/p>\n<p class=\"p1\"><span class=\"s1\"><b>Actives Bambusextrakt<\/b><i><br \/><\/i>\u2013 Verhindert die Hautalterung durch die Zufuhr zus\u00e4tzlicher Antioxidantien<br \/>\u2013 Wirkt gegen trockene, raue Haut<br \/>\u2013 Sorgt daf\u00fcr, dass die Haut glatt und geschmeidig aussieht und sich seidig anf\u00fcllt<\/span><\/p>\n<p>[\/et_pb_accordion_item][\/et_pb_accordion][et_pb_wc_price _builder_version=&#8220;4.13.1&#8243; body_text_color=&#8220;#666666&#8243; global_colors_info=&#8220;{}&#8220;][\/et_pb_wc_price][et_pb_wc_add_to_cart _builder_version=&#8220;3.0.47&#8243; global_colors_info=&#8220;{}&#8220;][\/et_pb_wc_add_to_cart][et_pb_text _builder_version=&#8220;4.13.1&#8243; _module_preset=&#8220;default&#8220; global_colors_info=&#8220;{}&#8220;]<\/p>\n<p class=\"p1\"><span class=\"s1\">Dieses Produkt ist frei von Parabenen, Wachstumsfaktoren, Seifen, Nanopartikeln, Konservierungs- und Duftstoffen. Es wurde ohne Tierversuche entwickelt, ist vegan und pH-hautneutral.<\/span><\/p>\n<p>[\/et_pb_text][\/et_pb_column][\/et_pb_row][et_pb_row _builder_version=&#8220;4.13.1&#8243; background_size=&#8220;initial&#8220; background_position=&#8220;top_left&#8220; background_repeat=&#8220;repeat&#8220; global_colors_info=&#8220;{}&#8220;][et_pb_column type=&#8220;4_4&#8243; _builder_version=&#8220;3.25&#8243; custom_padding=&#8220;|||&#8220; global_colors_info=&#8220;{}&#8220; custom_padding__hover=&#8220;|||&#8220;][et_pb_wc_tabs _builder_version=&#8220;3.0.47&#8243; global_colors_info=&#8220;{}&#8220;] [\/et_pb_wc_tabs][et_pb_wc_upsells _builder_version=&#8220;3.0.47&#8243; global_colors_info=&#8220;{}&#8220;][\/et_pb_wc_upsells][et_pb_wc_related_products _builder_version=&#8220;3.0.47&#8243; global_colors_info=&#8220;{}&#8220;][\/et_pb_wc_related_products][et_pb_wc_rating _builder_version=&#8220;3.0.47&#8243; global_colors_info=&#8220;{}&#8220;][\/et_pb_wc_rating][\/et_pb_column][\/et_pb_row][\/et_pb_section]<\/p>\n","protected":false},"excerpt":{"rendered":"<p class=\"p1\"><span class=\"s1\">Beruhigende, feuchtigkeitsspendende Body Lotion f\u00fcr v<\/span><span class=\"s1\">itale, gesunde, ebenm\u00e4\u00dfige Haut. F\u00fcllt das Feuchtigkeitsreservoir Ihrer Haut auf. Bietet sofortige und langfristige Hautfeuchtigkeit. Die Haut wird allm\u00e4hlich mit Feuchtigkeit versorgt, was die Vitalit\u00e4t der Haut f\u00f6rdert.<\/span><\/p>\n<p>Inhalt: 490 ml<\/p>\n","protected":false},"featured_media":183,"comment_status":"open","ping_status":"closed","template":"","meta":{"_et_pb_use_builder":"on","_et_pb_old_content":"Vitale, gesunde, ebenm\u00e4\u00dfige Haut. Eine feuchtigkeitsspendende Therapie f\u00fcr trockene und empfindliche Haut. Das Feuchtigkeitsreservoir Ihrer Haut wird mit Imperata Cylindrica Extrakt gef\u00fcllt, der nat\u00fcrliche Feuchtigkeitsgehalt der Haut wird erhalten. Milchs\u00e4ure ist nicht nur die feuchtigkeitsspendende Komponente in dieser Formulierung, sondern hat auch eine aufhellende Wirkung.\r\n\r\nEin ungleichm\u00e4\u00dfiger Hautton wird ausgeglichen. Die Haut wird verj\u00fcngt und die Textur, der Ton und das allgemeine Aussehen verbessert. Allantoin sch\u00fctzt vor Feuchtigkeitsverlust, der damit erh\u00f6hte Feuchtigkeitsgehalt unterst\u00fctzt die Elastizit\u00e4t und Geschmeidigkeit der Haut und sorgt f\u00fcr ein straffes und jugendliches Hautbild.\r\n<p class=\"p1\"><span class=\"s1\"><b>Produktvorteil:<\/b><\/span><\/p>\r\n\r\n<ul>\r\n \t<li>\r\n<p class=\"p1\"><span class=\"s1\">V<\/span><span class=\"s1\">ersorgt die Haut mit Feuchtigkeit<\/span><\/p>\r\n<\/li>\r\n \t<li>\r\n<p class=\"p1\"><span class=\"s1\">Schutz vor Feuchtigkeitsverlust<\/span><\/p>\r\n<\/li>\r\n \t<li>\r\n<p class=\"p1\"><span class=\"s1\">Stellt die Hautbarriere wieder her<\/span><\/p>\r\n<\/li>\r\n \t<li>\r\n<p class=\"p1\"><span class=\"s1\">Die K\u00f6rperhaut wird glatt, samtig weich und gesund<\/span><\/p>\r\n<\/li>\r\n \t<li>\r\n<p class=\"p1\"><span class=\"s1\">Mit 250ml oder 490ml Inhalt lieferbar<\/span><\/p>\r\n<\/li>\r\n<\/ul>\r\n&nbsp;\r\n<p class=\"p1\"><strong>Anwendung:\r\n<\/strong><\/p>\r\n<p class=\"p1\"><span class=\"s1\">Massieren Sie die K\u00f6rperlotion mit kreisenden Bewegungen sanft in die Haut ein.\r\n<\/span><span class=\"s1\">Geeignet <\/span><span class=\"s1\">f\u00fcr die Ganzk\u00f6rperanwendung.<\/span><\/p>\r\n<p class=\"p1\"><span class=\"s1\"><b>Ideale Produktkombinationen:\r\n<\/b><\/span><span class=\"s1\">Kann mit jedem Produkt aus der optiphi\u00ae Skincare Reihe kombiniert werden. Wir empfehlen: \u00df-Body Wash, Body Foliant, Scar Therapy, Sculpting Repair, Solar Spritz SPF 30.<\/span><\/p>","_et_gb_content_width":"","inline_featured_image":false},"product_cat":[29],"product_tag":[],"class_list":{"0":"post-184","1":"product","2":"type-product","3":"status-publish","4":"has-post-thumbnail","6":"product_cat-koerperpflege","8":"first","9":"instock","10":"shipping-taxable","11":"purchasable","12":"product-type-simple"},"_links":{"self":[{"href":"https:\/\/dev.optiphi.at\/index.php?rest_route=\/wp\/v2\/product\/184","targetHints":{"allow":["GET"]}}],"collection":[{"href":"https:\/\/dev.optiphi.at\/index.php?rest_route=\/wp\/v2\/product"}],"about":[{"href":"https:\/\/dev.optiphi.at\/index.php?rest_route=\/wp\/v2\/types\/product"}],"replies":[{"embeddable":true,"href":"https:\/\/dev.optiphi.at\/index.php?rest_route=%2Fwp%2Fv2%2Fcomments&post=184"}],"wp:featuredmedia":[{"embeddable":true,"href":"https:\/\/dev.optiphi.at\/index.php?rest_route=\/wp\/v2\/media\/183"}],"wp:attachment":[{"href":"https:\/\/dev.optiphi.at\/index.php?rest_route=%2Fwp%2Fv2%2Fmedia&parent=184"}],"wp:term":[{"taxonomy":"product_cat","embeddable":true,"href":"https:\/\/dev.optiphi.at\/index.php?rest_route=%2Fwp%2Fv2%2Fproduct_cat&post=184"},{"taxonomy":"product_tag","embeddable":true,"href":"https:\/\/dev.optiphi.at\/index.php?rest_route=%2Fwp%2Fv2%2Fproduct_tag&post=184"}],"curies":[{"name":"wp","href":"https:\/\/api.w.org\/{rel}","templated":true}]}}